 What is the greatest common factor of 120 and o?
12
Let n = 55 + 316. Let g(x) = -x**3 + 9*x**2 - 6*x - 3. Let b be g(4). What is the greatest common divisor of n and b?
53
Suppose 5*w - 2882 = 2013. What is the highest common factor of w and 623?
89
Let k be 9/((-1710)/(-282) - 6). Suppose -k = 4*c - 3*w - 564, 0 = 2*c - 5*w - 215. What is the greatest common factor of 35 and c?
35
Let s(m) = -m**2 + 17*m - 12. Let w be s(11). Let j(b) = -2*b**2 - 86*b + 574. Let v be j(-47). Calculate the greatest common divisor of w and v.
18
Let i(q) = 28*q - 37 + 7 + 11 + 5. Let u be i(2). Let o be 375 - ((-11)/3 + (-4)/(-6)). Calculate the greatest common factor of o and u.
42
Let i(o) = -69*o - 10. Let t be i(-2). Let b be 1*(-24)/12 - (-26 + 0). What is the greatest common factor of b and t?
8
Let f = 2018 + -1903. What is the highest common divisor of 8510 and f?
115
Let c(g) = 28*g**3 - 18*g**2 - 82*g + 510. Let j be c(6). Calculate the highest common divisor of j and 36.
18
Let k be (-4)/(-24) - 194/12. Let s = 29 - k. What is the highest common factor of s and 81?
9
Suppose 27*l - 28*l = -3*u + 11, 3*u = 8*l - 38. What is the highest common factor of 123 and u?
3
Let n(g) be the first derivative of 61*g**2/2 - 60*g - 59. Let r be n(4). What is the greatest common factor of 46 and r?
46
Suppose -2*h = -3*f + 89, -2*f = -h - 44 - 16. Suppose -17*t = -5*t - 12. Calculate the highest common divisor of f and t.
1
Let d = -14 - -16. Suppose d*s - 330 = -s. Suppose -21*c = -9*c - 120. Calculate the greatest common divisor of c and s.
10
Suppose -2*j = 5*g - 114762, 0 = 35*g - 32*g + j - 68857. What is the greatest common factor of 152 and g?
152
Suppose f - 4*f + v - 40 = 0, -3*v + 36 = -2*f. Let p be 1*47 + -14 + (-108)/f. Calculate the highest common divisor of 119 and p.
7
Let a be 9 + -4 + 5 + 7 - -7. What is the highest common factor of 744 and a?
24
Suppose -2*t + 323 = -94*t + 4831. Calculate the greatest common factor of t and 62.
1
Let r be -1 + 0 + (-2 - -5). Suppose 68 + 32 = r*q. Suppose -3*a = -2*a - q. What is the highest common factor of 10 and a?
10
Let d(j) = -3*j**2 - 193*j - 48. Let p be d(-64). Calculate the highest common divisor of p and 7064.
8
Let i be (-2)/5 - (-712)/5. Suppose w - 9*k + 14*k - 65 = 0, 3*w - 4*k = 271. Let q = i - w. What is the greatest common factor of q and 38?
19
Suppose -3*a + 5*a = 5*c + 1006, a - 5*c - 513 = 0. What is the greatest common divisor of a and 51?
17
Suppose 4*s + x = 783, -4*s - 3*x + 84 + 705 = 0. Suppose -20 = -6*z + 70. Calculate the highest common factor of z and s.
15
Let x = 308 - 212. Suppose -2*g - 1 = -9, -4*g = 2*o - x. Let i be (-5)/(-10)*20/1. Calculate the highest common divisor of o and i.
10
Let l(m) = -70*m**3 + 7*m**2 + 81*m + 709. Let v be l(-8). Calculate the greatest common divisor of v and 163.
163
Let b(g) = g**3 + 7*g**2 - 18*g - 35. Let z be b(-7). Let s be (-54)/(-189)*(2 + 89). Calculate the highest common divisor of s and z.
13
Let d be (-1828)/(-12) + 1 + 14/63*3. What is the greatest common factor of 506 and d?
22
Let y(o) = -14*o - 15. Let k be y(-12). Let u(f) = -f**3 + 5*f**2 + 21*f - 81. Let z be u(6). What is the highest common divisor of z and k?
9
Let g = -394 + 367. Let s(o) = 5*o + 168. Let h be s(g). Calculate the greatest common divisor of h and 6.
3
Suppose -x - 4*x + 5*y = -415, 4*y = 2*x - 156. Calculate the highest common divisor of x and 2904.
88
Let r(p) = p**3 - p**2 + 235. Let a be r(0). Suppose -1089*n = -1080*n - 45. Calculate the greatest common factor of a and n.
5
Let s(z) = -z**3 + 6*z**2 - 8*z + 357. Let p be s(9). Let y = -268 + 499. Calculate the greatest common divisor of y and p.
21
Let y be ((-30)/(-18))/(2/150). Let w = 231 - y. Suppose -w + 358 = 9*s. What is the greatest common factor of s and 4?
4
Suppose 8798*p - 8784*p - 1176 = 0. What is the highest common factor of p and 10500?
84
Suppose -40*v = -22*v - 4248. Let f = 18 - 13. Suppose v = f*d + 86. What is the greatest common divisor of 6 and d?
6
Let q = 97 - 14. Let m = -80 + q. Suppose 47*d + m = 48*d. What is the highest common divisor of 39 and d?
3
Let u = 3863 - -11306. Calculate the highest common factor of u and 231.
77
Suppose 0 = 5*u - 187 - 88. Let p be (-2 - 1) + (1 - -4). Let y be 0/p + (31 - 26). What is the greatest common factor of y and u?
5
Let z be (29/((-87)/18))/((-6)/4). Let m(w) = -w**3 + 5*w**2 + 2*w - 12. Let p be m(z). What is the highest common factor of 492 and p?
12
Let j be 6/4 - 7/(-2). Let x(t) = 8*t. Let l be x(j). Let n be (2*(-33)/60 - (-6)/10)*-64. Calculate the highest common factor of n and l.
8
Let n(m) = 3*m**3 + 14*m**2 + 20*m + 69. Let y be n(-4). Calculate the greatest common factor of y and 3668.
7
Let z(c) = -c**2 - 13*c + 4. Let m be z(-13). Suppose 3*x = -6, -i + 3*x + m + 28 = 0. Suppose 3*w - 86 = 31. What is the greatest common factor of i and w?
13
Let t(m) = 184*m + 1125. Let k be t(-6). Calculate the greatest common divisor of k and 9303.
21
Let d(y) = y**2 + 7*y + 6. Let h be d(-5). Let n be (-29)/h - 8/32. Suppose 0*m = n*m - 91. Calculate the greatest common divisor of 65 and m.
13
Suppose -1687 - 2713 = -44*m. Calculate the highest common factor of 4000 and m.
100
Let a(p) = p**3 + 35*p**2 + 59*p + 1010. Let d be a(-29). Calculate the highest common divisor of 165 and d.
55
Let o be (6/(-1)*-1)/(9/27). Let t be (10/(-4))/((-15)/o). Let h be -5*t*24/(-30). What is the highest common divisor of h and 12?
12
Let x(f) = 119*f - 76. Let r be x(4). What is the greatest common divisor of r and 1180?
20
Let j = -79 + 81. Suppose 0 = -3*c - j*p + 173 - 53, c - 5*p = 57. Suppose -109 = -3*g + 269. Calculate the highest common factor of g and c.
42
Let p be 12/(-10)*((-126)/28 - -2). Suppose p*q + 53*q = 5040. What is the highest common divisor of 54 and q?
18
Suppose 0 = z + 3, -2*v + 3*z - 104 = 25. Let n = -67 - v. Suppose 5*j - 37 - 46 = -3*b, -2*j = -n. Calculate the highest common divisor of 65 and b.
13
Suppose -q = -1, 42*n + q + 10987 = 44*n. What is the greatest common divisor of 82 and n?
82
Let w be -3 - -5 - 340/(0 + -2). Let x be (-12)/(-54) - 1696/18. Let m = x + w. What is the highest common divisor of 6 and m?
6
Suppose -15*x + 2822 = -1468. Suppose -166 = 4*a - 7*a - h, -5*a = 4*h - x. What is the highest common factor of a and 270?
54
Suppose 0 = -59*s + 54*s + 125. Suppose 0 = -4*x + 2*c - 3 + 17, -5*c + s = 0. Let o be 40/(-4) + x - 8*-61. Calculate the greatest common factor of o and 44.
44
Let h(p) = -130*p - 654. Let t be h(-7). What is the greatest common factor of 56 and t?
8
Let a = -12220 + 12227. Let g = 961 - 548. Calculate the highest common divisor of g and a.
7
Let z be 492 - 2/((-111)/15 - -7). What is the highest common divisor of z and 852?
71
Let l(k) = -2*k**3 + 3*k**2 - 13. Let x be l(4). Let t = 109 + x. Calculate the highest common factor of t and 400.
16
Let s(l) = 13*l**3 + 6*l**2 - 30*l + 190. Let u be s(6). What is the greatest common factor of 148 and u?
74
Let i be (-5*19*-1)/1. Let u be (-30)/20 - (130/(-4))/5. Suppose -2*o + u*o - 114 = 0. What is the highest common factor of i and o?
19
Let l(f) = -1005*f - 8021. Let s be l(-8). Calculate the greatest common factor of s and 7486.
19
Let i = 12 + 23. Suppose 5*n - 4*r - 255 - i = 0, 5*r = -5*n + 245. Let g be (-5)/((-35)/n)*7. Calculate the greatest common divisor of g and 18.
18
Let l be -3*(7 - 9) - (3 - 2977). Calculate the greatest common divisor of 20 and l.
20
Let v be (-12)/(-8)*-7*1452/(-154). Let g be 3*(7 + 4/1). Calculate the greatest common factor of g and v.
33
Let h(t) = 14*t**3 + t**2 + t - 2. Let u be h(3). What is the greatest common factor of 8 and u?
4
Let b = -29 + 34. Suppose 0 = -l - b*l - 12. Let w be ((-9)/l)/((-21)/(-112)). What is the greatest common divisor of w and 3?
3
Suppose -3*l = -x - 9, -2 = 5*l + 5*x - 17. Suppose 6*r + l = 15. Calculate the highest common divisor of r and 32.
2
Let p(b) = -10*b**3 + 2*b**2 + 2*b - 1. Let z be p(-1). Let x = 7 + z. Let j = 180 - 4. What is the highest common factor of x and j?
16
Suppose -h - 5*h - 18 = 0. Let k be (-40)/(-15) + (-4)/h. Suppose -k*p = -85 + 1. Calculate the greatest common factor of 147 and p.
21
Suppose -2*h = 42 - 46. Suppose 3*r - 4 = h*r. 